3
Calculate the remainder when 30930 is divided by 75.
30
Calculate the remainder when 158750 is divided by 88.
86
Calculate the remainder when 20285 is divided by 1667.
281
What is the remainder when 3535124 is divided by 14?
12
Calculate the remainder when 17364 is divided by 97.
1
Calculate the remainder when 27538 is divided by 1067.
863
What is the remainder when 19912 is divided by 2836?
60
What is the remainder when 8561 is divided by 38?
11
Calculate the remainder when 3402 is divided by 1577.
248
What is the remainder when 9660245 is divided by 26?
23
Calculate the remainder when 96693 is divided by 48344.
5
What is the remainder when 12475 is divided by 65?
60
Calculate the remainder when 523569 is divided by 104712.
9
What is the remainder when 770 is divided by 446?
324
Calculate the remainder when 40851 is divided by 1102.
77
What is the remainder when 156999 is divided by 78488?
23
Calculate the remainder when 1189 is divided by 675.
514
What is the remainder when 18168 is divided by 23?
21
What is the remainder when 4422 is divided by 4379?
43
What is the remainder when 6724 is divided by 128?
68
Calculate the remainder when 15829 is divided by 29.
24
Calculate the remainder when 26198 is divided by 129.
11
What is the remainder when 40022 is divided by 1380?
2
Calculate the remainder when 227177 is divided by 42.
41
Calculate the remainder when 26524 is divided by 93.
19
What is the remainder when 24019 is divided by 51?
49
What is the remainder when 12206 is divided by 4046?
68
What is the remainder when 2790 is divided by 41?
2
What is the remainder when 223770 is divided by 25?
20
What is the remainder when 29644 is divided by 34?
30
What is the remainder when 65935 is divided by 157?
152
Calculate the remainder when 38105 is divided by 287.
221
Calculate the remainder when 24923 is divided by 15.
8
Calculate the remainder when 5623 is divided by 291.
94
What is the remainder when 1216939 is divided by 284?
283
What is the remainder when 228075 is divided by 60?
15
Calculate the remainder when 3105 is divided by 346.
337
Calculate the remainder when 8513 is divided by 822.
293
Calculate the remainder when 23730 is divided by 818.
8
What is the remainder when 9431 is divided by 107?
15
Calculate the remainder when 42957 is divided by 60.
57
Calculate the remainder when 229550 is divided by 9980.
10
What is the remainder when 147959 is divided by 2642?
7
Calculate the remainder when 89392 is divided by 336.
16
What is the remainder when 172482 is divided by 107?
105
What is the remainder when 1741 is divided by 91?
12
What is the remainder when 29028 is divided by 1527?
15
Calculate the remainder when 851902 is divided by 32.
30
What is the remainder when 194 is divided by 129?
65
What is the remainder when 1004 is divided by 153?
86
What is the remainder when 1729 is divided by 605?
519
What is the remainder when 16214 is divided by 611?
328
Calculate the remainder when 52574 is divided by 69.
65
Calculate the remainder when 805 is divided by 260.
25
What is the remainder when 18564 is divided by 18495?
69
What is the remainder when 148546 is divided by 21219?
13
What is the remainder when 10687 is divided by 137?
1
Calculate the remainder when 453 is divided by 203.
47
Calculate the remainder when 1449 is divided by 1374.
75
What is the remainder when 38477 is divided by 64?
13
What is the remainder when 2770 is divided by 304?
34
Calculate the remainder when 5831 is divided by 108.
107
What is the remainder when 6314 is divided by 2850?
614
What is the remainder when 76638 is divided by 12?
6
What is the remainder when 13317 is divided by 1899?
24
Calculate the remainder when 1253 is divided by 70.
63
Calculate the remainder when 204324 is divided by 361.
359
What is the remainder when 9624 is divided by 125?
124
What is the remainder when 9268101 is divided by 8?
5
Calculate the remainder when 7822 is divided by 2768.
2286
Calculate the remainder when 1145 is divided by 306.
227
Calculate the remainder when 40234 is divided by 172.
158
Calculate the remainder when 61068 is divided by 261.
255
Calculate the remainder when 19966 is divided by 270.
256
Calculate the remainder when 4391 is divided by 272.
39
Calculate the remainder when 1088 is divided by 208.
48
Calculate the remainder when 264 is divided by 89.
86
What is the remainder when 28952 is divided by 9648?
8
Calculate the remainder when 6206 is divided by 90.
86
What is the remainder when 85402 is divided by 1554?
1486
Calculate the remainder when 525945 is divided by 32871.
9
Calculate the remainder when 68882 is divided by 11480.
2
What is the remainder when 5033 is divided by 516?
389
What is the remainder when 19271 is divided by 1375?
21
Calculate the remainder when 283017 is divided by 212.
209
What is the remainder when 151795 is divided by 128?
115
What is the remainder when 2467 is divided by 629?
580
What is the remainder when 9534 is divided by 173?
19
Calculate the remainder when 1339 is divided by 236.
159
Calculate the remainder when 631556 is divided by 315776.
4
What is the remainder when 2459 is divided by 806?
41
Calculate the remainder when 2281 is divided by 163.
162
What is the remainder when 856 is divided by 74?
42
Calculate the remainder when 2448 is divided by 777.
117
What is the remainder when 369903 is divided by 8?
7
What is the remainder when 1027 is divided by 687?
340
What is the remainder when 5582 is divided by 153?
74
What is the remainder when 20832 is divided by 11?
9
What is the remainder when 1259 is divided by 282?
131
What is the remainder when 91322 is divided by 62?
58
Calculate the remainder when 4902 is divided by 786.
186
Calculate the remainder when 698408 is divided by 19.
6
What is the remainder when 87515 is divided by 17?
16
Calculate the remainder when 150916 is divided by 8877.
7
What is the remainder when 131405 is divided by 1086?
1085
What is the remainder when 545 is divided by 406?
139
What is the remainder when 48749 is divided by 184?
173
Calculate the remainder when 130712 is divided by 65.
62
Calculate the remainder when 192507 is divided by 2961.
42
What is the remainder when 1032738 is divided by 773?
10
Calculate the remainder when 25326 is divided by 8167.
825
Calculate the remainder when 54328 is divided by 10752.
568
Calculate the remainder when 5962 is divided by 5448.
514
What is the remainder when 326 is divided by 107?
5
What is the remainder when 34545 is divided by 2268?
525
Calculate the remainder when 3622 is divided by 574.
178
What is the remainder when 16161 is divided by 5320?
201
What is the remainder when 1043 is divided by 18?
17
Calculate the remainder when 56716 is divided by 46.
44
What is the remainder when 5158 is divided by 644?
6
What is the remainder when 1896555 is divided by 251?
250
What is the remainder when 129707 is divided by 194?
115
Calculate the remainder when 93541 is divided by 567.
553
Calculate the remainder when 4298 is divided by 10.
8
Calculate the remainder when 5363 is divided by 83.
51
What is the remainder when 797 is divided by 375?
47
What is the remainder when 7029 is divided by 1190?
1079
What is the remainder when 26255 is divided by 8748?
11
Calculate the remainder when 135109 is divided by 860.
89
Calculate the remainder when 3292 is divided by 260.
172
Calculate the remainder when 300960 is divided by 67.
63
Calculate the remainder when 149492 is divided by 66.
2
What is the remainder when 11827 is divided by 91?
88
Calculate the remainder when 527 is divided by 64.
15
Calculate the remainder when 19590 is divided by 134.
26
Calculate the remainder when 85799 is divided by 390.
389
Calculate the remainder when 981 is divided by 399.
183
Calculate the remainder when 17006 is divided by 93.
80
What is the remainder when 5031 is divided by 998?
41
Calculate the remainder when 15164 is divided by 2166.
2
Calculate the remainder when 156262 is divided by 102.
100
What is the remainder when 9546 is divided by 118?
106
Calculate the remainder when 2102 is divided by 6.
2
What is the remainder when 5643 is divided by 34?
33
What is the remainder when 5108 is divided by 104?
12
What is the remainder when 124810 is divided by 75?
10
Calculate the remai